{"id":5,"date":"2013-07-10T19:56:36","date_gmt":"2013-07-10T17:56:36","guid":{"rendered":"http:\/\/www.schmidt-badessen.de\/cms\/?page_id=5"},"modified":"2023-12-31T15:36:17","modified_gmt":"2023-12-31T13:36:17","slug":"wellness","status":"publish","type":"page","link":"https:\/\/www.schmidt-badessen.de\/cms\/wellness\/","title":{"rendered":"Wellness"},"content":{"rendered":"<p>Entfliehen Sie dem Alltag und tanken Sie neue Kraft.<\/p>\n<h2><img loading=\"lazy\" decoding=\"async\" class=\"alignleft size-full wp-image-301\" src=\"https:\/\/www.schmidt-badessen.de\/cms\/wp-content\/uploads\/2013\/07\/Yoga2.jpg\" alt=\"Yoga2\" width=\"1800\" height=\"400\" srcset=\"https:\/\/www.schmidt-badessen.de\/cms\/wp-content\/uploads\/2013\/07\/Yoga2.jpg 1800w, https:\/\/www.schmidt-badessen.de\/cms\/wp-content\/uploads\/2013\/07\/Yoga2-300x67.jpg 300w, https:\/\/www.schmidt-badessen.de\/cms\/wp-content\/uploads\/2013\/07\/Yoga2-768x171.jpg 768w, https:\/\/www.schmidt-badessen.de\/cms\/wp-content\/uploads\/2013\/07\/Yoga2-1024x228.jpg 1024w\" sizes=\"(max-width: 1800px) 100vw, 1800px\" \/><\/h2>\n<h2>Yoga mit Wiebke M\u00fcller<br \/>\n<small><a href=\"http:\/\/www.wiebke-yoga.de\">www.wiebke-yoga.de<\/a><\/small><\/h2>\n<p><img loading=\"lazy\" decoding=\"async\" class=\"wp-image-294 size-medium alignleft\" style=\"margin-right: 25px;\" src=\"https:\/\/www.schmidt-badessen.de\/cms\/wp-content\/uploads\/2013\/07\/Yoga1-300x201.jpg\" alt=\"Yoga1\" width=\"300\" height=\"201\" srcset=\"https:\/\/www.schmidt-badessen.de\/cms\/wp-content\/uploads\/2013\/07\/Yoga1-300x201.jpg 300w, https:\/\/www.schmidt-badessen.de\/cms\/wp-content\/uploads\/2013\/07\/Yoga1-768x514.jpg 768w, https:\/\/www.schmidt-badessen.de\/cms\/wp-content\/uploads\/2013\/07\/Yoga1.jpg 896w\" sizes=\"(max-width: 300px) 100vw, 300px\" \/><\/p>\n<blockquote><p>Wiebke M\u00fcller: &#8222;Yoga ist f\u00fcr mich eine Lebensphilosophie. Es ist ein geistig spiritueller Weg.&#8220;<\/p><\/blockquote>\n<p>Lassen Sie sich verw\u00f6hnen und sp\u00fcren Sie neue Energie und Lebensfreude.<\/p>\n<p>pers\u00f6nlich &#8211; auf dich abgestimmt &#8211; tiefgreifend<\/p>\n<p>Es ist der Weg von Gebundenheit zu Freiheit.<br \/>\nYoga ist Meditation &#8211; Meditation in Bewegung.<\/p>\n<p>Kontakt:<br \/>\nWiebke M\u00fcller<br \/>\nTel: 05472-968459 | E-mail: mail@wiebke-yoga.de<\/p>\n<h2>Medizinisches Gesundheitszentrum | SoleSpa | Fitness+Sport<br \/>\n<small><a href=\"https:\/\/www.aktivita-badessen.de\/\">www.aktivita-badessen.de<\/a><\/small><\/h2>\n<p><img loading=\"lazy\" decoding=\"async\" class=\"alignleft size-full wp-image-322\" src=\"https:\/\/www.schmidt-badessen.de\/cms\/wp-content\/uploads\/2013\/07\/aktivita-badessen4.jpg\" alt=\"aktivita-badessen4\" width=\"348\" height=\"218\" srcset=\"https:\/\/www.schmidt-badessen.de\/cms\/wp-content\/uploads\/2013\/07\/aktivita-badessen4.jpg 348w, https:\/\/www.schmidt-badessen.de\/cms\/wp-content\/uploads\/2013\/07\/aktivita-badessen4-300x188.jpg 300w\" sizes=\"(max-width: 348px) 100vw, 348px\" \/> <img loading=\"lazy\" decoding=\"async\" class=\"alignleft wp-image-323 size-full\" src=\"https:\/\/www.schmidt-badessen.de\/cms\/wp-content\/uploads\/2013\/07\/aktivita-badessen5.jpg\" alt=\"aktivita-badessen5\" width=\"348\" height=\"218\" srcset=\"https:\/\/www.schmidt-badessen.de\/cms\/wp-content\/uploads\/2013\/07\/aktivita-badessen5.jpg 348w, https:\/\/www.schmidt-badessen.de\/cms\/wp-content\/uploads\/2013\/07\/aktivita-badessen5-300x188.jpg 300w\" sizes=\"(max-width: 348px) 100vw, 348px\" \/> <img loading=\"lazy\" decoding=\"async\" class=\"alignleft wp-image-324 size-full\" src=\"https:\/\/www.schmidt-badessen.de\/cms\/wp-content\/uploads\/2013\/07\/aktivita-badessen6.jpg\" alt=\"aktivita-badessen6\" width=\"348\" height=\"218\" srcset=\"https:\/\/www.schmidt-badessen.de\/cms\/wp-content\/uploads\/2013\/07\/aktivita-badessen6.jpg 348w, https:\/\/www.schmidt-badessen.de\/cms\/wp-content\/uploads\/2013\/07\/aktivita-badessen6-300x188.jpg 300w\" sizes=\"(max-width: 348px) 100vw, 348px\" \/> <img loading=\"lazy\" decoding=\"async\" class=\"alignleft wp-image-325 size-full\" src=\"https:\/\/www.schmidt-badessen.de\/cms\/wp-content\/uploads\/2013\/07\/aktivita-badessen7.jpg\" alt=\"aktivita-badessen7\" width=\"348\" height=\"218\" srcset=\"https:\/\/www.schmidt-badessen.de\/cms\/wp-content\/uploads\/2013\/07\/aktivita-badessen7.jpg 348w, https:\/\/www.schmidt-badessen.de\/cms\/wp-content\/uploads\/2013\/07\/aktivita-badessen7-300x188.jpg 300w\" sizes=\"(max-width: 348px) 100vw, 348px\" \/><\/p>\n<h4>Mehr Gesundheit und Wohlbefinden<\/h4>\n<p><strong>Atmen Sie tief durch und entspannen Sie sich<\/strong><br \/>\nSole-Sauna, Photo-Sole-Therapie, Sea-Climate, Sole-Wannenbad, Rehasport\/Funktionstraining Wasser, Aquafitness, Krankenkassenkurse Wasser, Seepferdchenkurse<\/p>\n<p>Unser modernes und umfangreich ausgestattetes<br \/>\nFitness- und Sport-Studio bietet dir eine Vielzahl<br \/>\nan Trainingsm\u00f6glichkeiten und Service.<\/p>\n<p>&#8211; umfangreicher Cardio-Bereich<br \/>\n&#8211; Freihanteltraining<br \/>\n&#8211; Trainingsger\u00e4te-Bereich<br \/>\n&#8211; Adaptive Motion Trainer: Training im Schwebezustand<br \/>\n&#8211; vielseitiges Kursprogramm<br \/>\n&#8211; Bar mit Wasser, Kaffee, Mineralgetr\u00e4nken<br \/>\n&#8211; sowie Eiwei\u00dfshakes<\/p>\n<p><strong>Kursangebot:<\/strong><br \/>\nBauch-Beine-Po, Faszien-Fitness, Fitness-Step, Indoor-Cycling, Kraft+Ausdauer, Power+Function, Step, Step-Intervall, Yoga, ZUMBA<\/p>\n<h2>Restaurant M\u00fcllers im Waldquartier<\/h2>\n<h3><strong><a href=\"https:\/\/www.hotel-waldquartier.de\">www.hotel-waldquartier.de<\/a>\u00a0<\/strong><\/h3>\n<h2>Waldsauna Bad Essen &#8211; Moderne Saunalandschaft auf \u00fcber 500m\u00b2<\/h2>\n<h3><strong><a href=\"https:\/\/www.waldsauna-badessen.de\">www.waldsauna-badessen.de<\/a>\u00a0<\/strong><\/h3>\n","protected":false},"excerpt":{"rendered":"<p>Entfliehen Sie dem Alltag und tanken Sie neue Kraft. Yoga mit Wiebke M\u00fcller www.wiebke-yoga.de Wiebke M\u00fcller: &#8222;Yoga ist f\u00fcr mich eine Lebensphilosophie. Es ist ein geistig spiritueller Weg.&#8220; Lassen Sie sich verw\u00f6hnen und sp\u00fcren Sie neue Energie und Lebensfreude. pers\u00f6nlich &#8211; auf dich abgestimmt &#8211; tiefgreifend Es ist der Weg von Gebundenheit zu Freiheit. Yoga [&hellip;]<\/p>\n","protected":false},"author":1,"featured_media":0,"parent":0,"menu_order":0,"comment_status":"open","ping_status":"open","template":"","meta":{"footnotes":""},"_links":{"self":[{"href":"https:\/\/www.schmidt-badessen.de\/cms\/wp-json\/wp\/v2\/pages\/5"}],"collection":[{"href":"https:\/\/www.schmidt-badessen.de\/cms\/wp-json\/wp\/v2\/pages"}],"about":[{"href":"https:\/\/www.schmidt-badessen.de\/cms\/wp-json\/wp\/v2\/types\/page"}],"author":[{"embeddable":true,"href":"https:\/\/www.schmidt-badessen.de\/cms\/wp-json\/wp\/v2\/users\/1"}],"replies":[{"embeddable":true,"href":"https:\/\/www.schmidt-badessen.de\/cms\/wp-json\/wp\/v2\/comments?post=5"}],"version-history":[{"count":66,"href":"https:\/\/www.schmidt-badessen.de\/cms\/wp-json\/wp\/v2\/pages\/5\/revisions"}],"predecessor-version":[{"id":410,"href":"https:\/\/www.schmidt-badessen.de\/cms\/wp-json\/wp\/v2\/pages\/5\/revisions\/410"}],"wp:attachment":[{"href":"https:\/\/www.schmidt-badessen.de\/cms\/wp-json\/wp\/v2\/media?parent=5"}],"curies":[{"name":"wp","href":"https:\/\/api.w.org\/{rel}","templated":true}]}}